 3*j - 375. What is the units digit of w?
0
Let x(w) = w**3 - 9*w**2 + 7*w - 4. Let h be x(9). Suppose 2*k = 217 - h. Let l = k + -54. What is the tens digit of l?
2
What is the tens digit of (-10)/8 + 498465/212?
5
Suppose 3*c = -5 - 16. Let j be 3/c - (-3204)/28. Suppose 0 = 4*g - 6 - j. What is the units digit of g?
0
Let o(k) = k**3 - 2*k**2 + k + 7. Let j be o(0). Suppose -5*d - 278 = -j*d. What is the hundreds digit of d?
1
Let p(m) = 2041*m**2 - 2. What is the hundreds digit of p(1)?
0
What is the hundreds digit of 467 + (-6)/(-4) + (-299)/46?
4
Let n(d) = -15*d + 7. Let w be n(3). Let l = w + 85. What is the units digit of l?
7
Let o be (108/(-126))/((-2)/7). Suppose -d = -4*h - 45, 0 = -6*d + 3*d - o*h + 75. What is the units digit of d?
9
Let q = 3244 + -1181. What is the units digit of q?
3
Let m = -1 + 2. What is the units digit of 4917/88 - m/(-8)?
6
Let k(i) = i**3 + 37*i**2 - 26*i + 49. What is the tens digit of k(-37)?
1
Let l be (4/10)/(4/40). Suppose 2*x - 4*p + p - 62 = 0, l*p = -5*x + 132. Suppose x + 10 = q. What is the tens digit of q?
3
Let q(y) = -3 - 2*y**3 + 3*y - y - y**2 + 3*y**3. Let b = 2 - -1. What is the tens digit of q(b)?
2
Let f = 8 + -11. Let y be (-1)/f + (-4)/12. Suppose 10*h - 5*h - 170 = y. What is the tens digit of h?
3
Suppose 0 = -0*r + 3*r - 6, 0 = 2*s - r + 174. Let w = s - -202. What is the tens digit of w?
1
Let c = 296 - 269. What is the units digit of c?
7
Let v = -12 + 16. Suppose 6*j + 313 = 9*j - v*w, 0 = 4*w + 4. What is the hundreds digit of j?
1
Let j(n) = 3*n - 2. Let p be j(10). Suppose 0 = -2*a + 4*u + p, -a + 29 = -6*u + u. Suppose -a*b + 18 = -70. What is the units digit of b?
2
Suppose 19 + 1 = 10*q. Suppose -274 = -q*g - 0*g. What is the hundreds digit of g?
1
Let t(y) = 73*y + 44. What is the hundreds digit of t(3)?
2
Let s = 3976 + -2214. What is the tens digit of s?
6
Suppose -2*i + 0*i + 5*q = -90, 135 = 3*i + 3*q. What is the tens digit of i?
4
Let b = 18 + -9. Let n be -5*1*16/(-20). Suppose 3*r + 5*f - b = r, -n*r + 60 = -4*f. What is the tens digit of r?
1
Let y(r) = -11*r**2 - 60*r - 86. Let u(p) = -7*p**2 - 40*p - 57. Let c(i) = 8*u(i) - 5*y(i). What is the tens digit of c(-11)?
7
Suppose 0 = -36*v + 41*v. Suppose v*u + 3*u - 4*x = 40, 22 = u + 3*x. What is the tens digit of u?
1
Let y = 470 - 352. What is the tens digit of y?
1
Let z(i) = i + 88. What is the units digit of z(-20)?
8
Let s = -27 + -28. Let z = s + 87. What is the units digit of z?
2
Let r(w) = -3*w**3 + 48*w**2 - w + 18. What is the units digit of r(16)?
2
What is the units digit of (50 - 47)/((-6)/(-2212))?
6
Let n be ((-30)/9)/((-16)/72). What is the units digit of (10/n)/(2/366)?
2
Let s(f) = -f**3 - 7*f**2 - 7*f - 3. Let j be s(-6). Let r(c) = -c**3 + c**2 + 3*c - 3. Let v be r(j). Let b = 11 - v. What is the units digit of b?
3
Let r(w) be the second derivative of w**4/3 - 2*w**3/3 + 3*w**2 - 3*w. Suppose -1 + 16 = 5*v. What is the units digit of r(v)?
0
Suppose 4*d - 13 = -2*y + 17, -y = -5*d + 20. Suppose 0 = -4*k + 20, -y*k + 3*k - 64 = -2*s. What is the tens digit of s?
3
Let f be (6/(-4))/3*-84. Let c(r) = r + 9. Let z be c(-4). Suppose -f = -z*s + 4*s. What is the tens digit of s?
4
Suppose 4*i - 358 = 1306. What is the hundreds digit of i?
4
Let j be 2/(-6) + 0 + (-320)/3. Let m = -56 - j. What is the units digit of m?
1
Suppose 9*r = 65*r - 151200. What is the hundreds digit of r?
7
Suppose 2*d = -12 + 6. What is the units digit of 623/21 - (-1 - 5/d)?
9
Suppose -18*y + 23215 + 52313 = 0. What is the thousands digit of y?
4
What is the units digit of 4*20/16 + (-918)/(-2)?
4
Let l(a) = 479*a - 299. What is the thousands digit of l(5)?
2
Suppose 0*q - 5*d - 33 = -q, q - 4*d - 31 = 0. Suppose -2*a - 316 = -5*t, 5*t - 5*a - 333 = -q. What is the tens digit of t?
6
Suppose -24*q + 3518 = -466. What is the units digit of q?
6
Let o be 7/(-2)*48/(-84) + -1. Let a(z) = 21*z**3 + 3*z**2 - 2*z + 1. What is the tens digit of a(o)?
2
Suppose 10*a + 246 = 13*a. What is the units digit of a?
2
Let n(v) = 179*v + 94. What is the hundreds digit of n(10)?
8
Let m = 2031 - 914. What is the units digit of m?
7
Let u = -362 - -1428. What is the hundreds digit of u?
0
Let q(z) = 8*z**2 + 7*z - 4. Let i be q(-7). Let w = i + -228. What is the units digit of w?
1
Let f be 62/(-6) - 4/6. Let y be (-5 + (-232)/(-40))/(4/(-130)). Let b = f - y. What is the tens digit of b?
1
What is the units digit of (638 + -2 - -1) + -3?
4
Suppose 31*b - 53*b + 100474 = 0. What is the tens digit of b?
6
Let p(f) = f**3 - 10*f**2 - 5*f + 21. What is the thousands digit of p(16)?
1
Let d = -208 + 841. What is the tens digit of d?
3
Suppose 2*m - 14 = -38. Let j = -1 - m. What is the tens digit of j?
1
Suppose -250*a + 246*a = -412. What is the units digit of a?
3
What is the hundreds digit of (-15)/(-10) - (-6874)/4?
7
Let t(k) = k**2 + 2*k + 2. Let d be t(-3). Suppose -2*y + 2*z + z + 16 = 0, d*y - 3*z - 22 = 0. What is the units digit of 4 + (2 - y) - -1?
5
Suppose -z + 5515 = 2*y, 10*z - 12*z = -4*y + 11010. What is the hundreds digit of y?
7
Suppose 4*r - 234 = 154. What is the units digit of r?
7
Let b be -3*(22/3)/((-20)/70). Suppose 2*a = -4*x + 31 - 5, 5*a - 5 = 2*x. Suppose a*q = -w + 61, w = 4*q - 2*w - b. What is the tens digit of q?
2
Suppose r = -i + 2, -3*i - 8 = -r - 3*r. Suppose i = -7*m + 1432 - 207. What is the hundreds digit of m?
1
Suppose -6*u + 10 = -u. Suppose -u*o - 2*o - 3*n + 116 = 0, -3*o = -n - 87. What is the tens digit of o?
2
Let i(k) = k**3 + 6*k**2 + 4*k. Let x be i(-5). Suppose m - x = -0*m. Suppose 167 = m*u + 52. What is the tens digit of u?
2
Let d be (-2)/(8/(-14))*4. Suppose -2*j - 2*f + d = 0, -2*f + 18 = 3*j + 2. Suppose 4*g - 128 = -j*a + 3*a, -3*a + 111 = 3*g. What is the units digit of g?
3
Let a = -19 + 24. Suppose -d = a*p - 287 + 30, 0 = 2*p - d - 100. What is the tens digit of p?
5
What is the tens digit of -93*(-30)/17 - 4/34?
6
Let q(f) = -4*f + 48. Let w(i) = i + 7. Let t be w(-7). What is the tens digit of q(t)?
4
Let p = -14 + 4. Let c = 18 - 16. Let u = c - p. What is the tens digit of u?
1
Suppose -33*t + 10740 = -23*t. What is the units digit of t?
4
Let i(r) = -r**2 + 9*r - 10. Let y be i(6). Let h(m) = m**3 - 8*m**2 + 4*m + 3. What is the tens digit of h(y)?
3
Let r(m) = 42*m + 122. What is the hundreds digit of r(20)?
9
Suppose 0 = 2*u - 0*k - 4*k - 6, 0 = -2*u - 5*k + 6. Suppose 0 = 5*j + 5*a - 610, 0 = j + u*j - a - 508. What is the units digit of j?
6
Suppose -i = -5*j - 2551, 2090 = i - 3*j - 459. What is the units digit of i?
6
Let a be 8/14 - (-192)/7. Let d = 36 - a. What is the units digit of d?
8
Let q(y) be the third derivative of 2/3*y**3 - 4*y**2 + 0*y + 1/60*y**5 - 5/24*y**4 + 0. What is the units digit of q(5)?
4
Suppose 0*j = 7*j - 56. Let v = 15 - j. What is the units digit of v?
7
What is the hundreds digit of 599 - (-10)/((-90)/63)?
5
What is the tens digit of 2/(-12) + 133567/42 + -2?
7
Let z be (-790)/(-4)*(-6)/(-1). Suppose 0 = -8*p + z - 225. Suppose -c = c - p. What is the tens digit of c?
6
Suppose 0 = -3*i + 10*i + 49. Let m(f) = -f**3 + f**2 + f + 4. Let x be m(0). What is the units digit of (42 + i)*x/5?
8
Let w(p) = p**2 - 7*p + 3. Let n be w(7). Let x(l) = -n + 1 + 2 + 2*l + 2. What is the units digit of x(5)?
2
Let n(m) = -m**3 - 47*m**2 + 66*m + 386. What is the tens digit of n(-49)?
5
Suppose 4*b - 5 = -f + b, -15 = 5*f + 5*b. Let o = -5 - f. What is the tens digit of -1 + o + 10*2?
2
Let k be 23/5 + (3/(-5) - -1). Suppose 8*j - 60 = k*j. What is the units digit of j?
0
Suppose -5*f + 195 - 20 = 0. Suppose -o + 7 = -2*n - 3*n, -5*o + 3*n = -f. Suppose g + 4*d + 12 = 0, -o*d = -2*d + 20. What is the units digit of g?
4
What is the units digit of (3 + 303/2)/(6/8)?
6
Suppose -r - 17 = -0*p - 4*p, 2*p = -5*r - 19. Let l = -12 - -27. Let k = r + l. What is the units digit of k?
0
Let f(o) = -o**2 - 56*o + 229. What is the hundreds digit of f(-32)?
9
Suppose 5*s = -8*s - 182. Let q = s - -63. What is the units digit of q?
9
Suppose 0 = -11*m + 2*m + 666. What is the units digit of m?
4
Let d(i) = -4*i + 13. Let p be d(17). Let k = p - -141. What is the tens digit of k?
8
What is the hundreds digit of 24/(510/63 - 8)?
2
What is the thousands digi